 of n?
3, 773
Suppose -3*j = -j - 6. Let b(y) = -j*y - 1 + 0 + 2*y**2 - 4*y - 2. List the prime factors of b(-4).
3, 19
Suppose 12*f - 69896 - 9280 = 0. What are the prime factors of f?
2, 3299
Let u(m) = 192*m**3 + 4*m**2 + 3*m + 2. Suppose 7*z - 6*z + 8 = -4*c, 4*c = 3*z - 8. Let j be u(c). List the prime factors of ((3/2)/(-3))/(6/j).
127
Let b(h) = h**3 + 8*h**2 - 7*h - 18. Let f be b(-8). Suppose -3980 = -f*j + 28*j. What are the prime factors of j?
2, 199
Suppose 0 = -8*c + 129 + 1095. Let f = c - -737. List the prime factors of f.
2, 5, 89
Suppose -24341 - 1579 = -4*q - 1868. What are the prime factors of q?
7, 859
Let t be ((-60)/(-75))/((-1)/(-30)). Let x = -20 + t. Suppose 0 = -4*q + 4*z + 310 - 22, x*q + 5*z = 288. List the prime factors of q.
2, 3
Let d = 52306 - 25866. What are the prime factors of d?
2, 5, 661
Let o(s) = 580*s**2 - 321*s + 1304. List the prime factors of o(4).
2, 3, 5, 31
Let i = -904 - -1893. Suppose 4*r + 951 = 3*u - 35, 3*u = r + i. What are the prime factors of u?
2, 3, 5, 11
Let w(q) be the second derivative of q**4/12 + 8*q**3/3 - 7*q**2 - 10*q. Let a be w(7). Suppose 12*y - 15*y + a = 0. What are the prime factors of y?
7
Suppose 31*i - 7181 - 116927 = 119242. What are the prime factors of i?
2, 5, 157
Let r = -855 - -855. Suppose 106*x - 115*x + 2466 = r. List the prime factors of x.
2, 137
Suppose 4*j - 23 = -5*p + j, -j + 5 = p. Let k(d) = 3*d**3 + 1 + 0 + 0*d - 9*d - 2*d**2. What are the prime factors of k(p)?
5
Suppose -6021 = -7*u + 2351. Let t = u + -653. What are the prime factors of t?
3, 181
Let c = -19770 + 21177. List the prime factors of c.
3, 7, 67
Suppose -30*k + 50*k = 465540. What are the prime factors of k?
3, 7759
Let l be 0/((-6)/21*-7*-1). What are the prime factors of 103 + (-3)/(-6)*l?
103
Let g = 22 + -20. List the prime factors of ((-3)/g*-2 - 221)/(-1).
2, 109
Let x(g) = g**2 + 27*g - 258. Let t be x(8). Suppose -t*w = 29*w - 35190. What are the prime factors of w?
2, 3, 5, 23
Let b(x) = 7*x - 6. Let n be b(6). Suppose m - n = -39. List the prime factors of -1*(2 + m)*(-1 - -92).
7, 13
Let f be 46/22 - 2/22. Suppose 33 = g - 4*h, 8*h - 51 = -f*g + 11*h. List the prime factors of g.
3, 7
Let w be (-451)/22 - (-2 + 3/2). List the prime factors of (40 - -10)/((-5)/w).
2, 5
Let x(k) = -k**2 + 5*k + 5. Let f be x(6). Let c be 14 - (-15)/(f + -4). Suppose -c*s + 12*s = 250. What are the prime factors of s?
2, 5
Suppose 0 = 4*i + 3*x - 30 + 101, -2*i + 2*x = 18. Let f be -1643 - ((-10)/(-15))/((-6)/27). List the prime factors of f/i + 19/(-133).
3, 13
Suppose -4*m - 4*x - 112 = -2*x, 4*m + x = -114. Let r be (-1)/7 - m/7. List the prime factors of (r + 52/(-16))/((-3)/(-324)).
3
Suppose -3*y - 18 = -5*x, 0 = -5*x - 3*y + 16 - 4. Suppose -4*b - 3*w + 60 = -x*b, -4*b + 240 = 3*w. List the prime factors of b.
2, 3, 5
Suppose 257725 = 253*z - 240*z. List the prime factors of z.
5, 13, 61
Let k = -253 - -257. Suppose 380 + 192 = k*p. List the prime factors of p.
11, 13
Suppose -128*a + 57*a = -67*a - 24376. List the prime factors of a.
2, 11, 277
Let z = -8320 + 28475. List the prime factors of z.
5, 29, 139
Let q = -534 - -1409. Suppose 20842 = 19*v - q. What are the prime factors of v?
3, 127
Let r = 149 - 147. List the prime factors of -4 + 362 - (2 - r).
2, 179
Let j be 5/((-15)/(-1329)) + 0. Suppose 1703 - j = 4*y. What are the prime factors of y?
3, 5, 7
Let h(v) = -4*v**2 - 65*v - 14. Let j be h(-16). Suppose -4*c + 3*w = -1247, 0 = j*c + 2*w - 748 + 114. What are the prime factors of c?
2, 157
Let p be (37/(-3))/((-14)/210). Let k = p + -135. What are the prime factors of k?
2, 5
Let g = -136884 + 206422. What are the prime factors of g?
2, 7, 4967
Let x(l) = l**3 + l**2 - 6*l - 13. Let i be x(6). Suppose 4*q + 3*c = -393, -4*c = -2*q + c - i. Let d = q + 241. List the prime factors of d.
2, 71
Suppose -123828 = -44*u + 429833 - 56681. List the prime factors of u.
3, 5, 251
Let r(s) = s**2 + 7*s - 25. Let y be ((-28)/(-7) + -6)*(1 - 8). Let p be r(y). Let b = p + -171. List the prime factors of b.
2, 7
Suppose 5*z = -4*p + 10993, 4030 = 3*p - z - 4191. List the prime factors of p.
2, 3, 457
Let p = 39 + -19. Let g be -3 - 5*4/p. What are the prime factors of (-31 + (g - -2))*76/(-12)?
11, 19
Suppose -4*n = -4*l - 1208, n - 4*l - 302 = -6. Let c = n - -319. What are the prime factors of c?
7, 89
Suppose 20 = 4*a - 5*d - 12, -3*d + 8 = a. List the prime factors of 238/3*36/a.
3, 7, 17
Suppose 150 = 3*n + 3*f, -3*n + 5*f + 32 = -2*n. Let g = n - -113. What are the prime factors of g?
2, 5
Suppose -10*v + 5*v = -5*x - 10, 2*x = v - 1. Suppose 171 - 2638 = -4*r + v*y, -4*r + 4*y + 2468 = 0. What are the prime factors of r?
2, 7, 11
Suppose 4*b - 115 = 5*s, -8*s - 37 = -b - 4*s. What are the prime factors of (0 - 1)/(b/(-15925))?
7, 13
Suppose 0 = -8557*i + 8554*i + 18807. What are the prime factors of i?
6269
Let a(y) = -377*y**2 - 20*y + 12. Let k(f) = -566*f**2 - 31*f + 18. Let n(z) = -8*a(z) + 5*k(z). List the prime factors of n(2).
2, 11, 17
Suppose -6 = -5*p - 1. Let i be (-32)/(-48) - ((-25)/3)/p. Suppose 0 = s + 5*l + 23, 5*l + 6 = -5*s - i. What are the prime factors of s?
2
Let g = -200 - -203. Suppose -187 = -d + 2*a, g*d - 181 - 373 = -a. List the prime factors of d.
5, 37
Let d = -11 - -27. Suppose 0 = 3*u + u + d. Let k(b) = -b**3 + b**2 - b - 2. List the prime factors of k(u).
2, 41
Let c = -44 - 55. Let w = 103 + c. Suppose -g = -0*k + w*k - 31, -20 = -4*k. What are the prime factors of g?
11
Let b = 5703 - 3081. Suppose -7*y - 5*z + 3461 = -3*y, b = 3*y - 5*z. List the prime factors of y.
11, 79
Let n(g) = -g**3 - 16*g**2 - 13*g + 31. Let i be n(-15). What are the prime factors of 1 + i/(1071/(-537) + 2)?
2, 3, 5
Let d be ((-518)/4)/7*-12. Suppose -v - d = -4*n + 738, 5*n = -v + 1209. What are the prime factors of n?
241
Let h(z) = z**2 - 11*z - 34. Suppose -16 = -4*i - 5*s + 24, -3*i = -5*s - 65. Let t be h(i). Let x = 97 - t. List the prime factors of x.
71
Suppose -77*u + 4032 = -95*u. Let w = -37 - u. List the prime factors of w.
11, 17
Let i = 165 - 151. What are the prime factors of 6914/i + 40/280?
2, 13, 19
Suppose -409*j - 8802 = -412*j. What are the prime factors of j?
2, 3, 163
Suppose 14 = m + 2*f - f, -91 = -4*m + 3*f. Suppose -m*n - 10 = -20*n. List the prime factors of n.
2, 5
Suppose -1 = h - 3. Suppose -q - 4*q - 5 = -5*n, 0 = -n + h*q - 3. Suppose k - 53 = -c, 0 = -n*c - 2 + 12. List the prime factors of k.
3, 17
Suppose 647065 = -619*w + 641*w + 69125. What are the prime factors of w?
2, 5, 37, 71
Let l be 12008/42 - 36/(-378). Let n = -127 + l. List the prime factors of n.
3, 53
Let c = -3750 - -7913. List the prime factors of c.
23, 181
Suppose 0 = -4*w - w - 7*w. Suppose w = -3*y - 6, 180 = -j + 3*j - 5*y. What are the prime factors of -46*2*j/(-68)?
5, 23
Suppose 10*o - 11*o = 307. Let r = o - -513. Suppose -5*s + r = m - 52, -4*m + 148 = 3*s. List the prime factors of s.
2, 13
Suppose -4*r - 14 = 2*l, 6*r - 3*l + 23 = r. Let k be (r - -15)*(0 - -1). Suppose -k*j + 688 = -731. List the prime factors of j.
3, 43
Suppose 362600 + 193222 = 94*a. What are the prime factors of a?
3, 73
Let q(y) = y**2 + 81*y - 1078. List the prime factors of q(14).
2, 3, 7
Suppose 4*y = 3*q + 2*q - 7, 2*y = 2*q - 4. Let w be (15 - 10)/(2 + y/2). Let d(t) = 3*t. What are the prime factors of d(w)?
2, 3, 5
Suppose 4*x + w = 1334 + 13664, 4*x + 4*w = 15004. List the prime factors of x.
23, 163
Let x(b) = 143*b**2 - 151*b - 84. What are the prime factors of x(15)?
2, 3, 1657
Let f = 448 - 179. Suppose 0 = 5*b - 141 - f. What are the prime factors of b?
2, 41
Suppose -t = 2*a - 1308, -2*a - 28714 = -16*t - 7922. What are the prime factors of t?
2, 5, 13
Let b(r) = 14*r - 145*r**2 - r + 405*r**2. List the prime factors of b(-1).
13, 19
Let z = 47811 + -19447. What are the prime factors of z?
2, 7, 1013
Let t = 113 + -120. List the prime factors of ((-40)/2)/(-7 - 35/t).
2, 5
List the prime factors of (4 + (-105897)/22)/(1/(-2)).
9619
Let z(g) = 4*g**2 + 33*g - 37. Let t(d) = d**2 + 11*d - 12. Let r(y) = -7*t(y) + 2*z(y). List the prime factors of r(-10).
2, 5, 11
Let w = -6517 - -12053. List the prime factors of w.
2, 173
Let b(z) = 296*z - 994. What are the prime factors o